?
False
Let h = -374601 + 781390. Is h prime?
True
Let w(c) = 3*c**2 - 10*c + 69. Let n be w(-25). Let p = n + 1393. Is p prime?
False
Let s = -206384 - -298797. Is s composite?
False
Let v be 45 + (-3 + -2 - -10). Suppose -3*q + 5*f = -v, -3*f - 60 = -5*q + 34. Is 9630/q - (-2)/(-4) prime?
False
Suppose 299523 = -32*h + 2308771. Is h a prime number?
False
Let o be (2 - 7)*2*-2. Suppose 33*v = o*v + 12727. Is v prime?
False
Let c be (5 - 17) + -3 + 5. Let b = 36 - c. Is b a composite number?
True
Suppose -291*c + 447486 = -283*c - 217226. Is c prime?
True
Suppose 18*u + 10*u = -4284. Let h = u + 460. Is h composite?
False
Let q(c) = c**3 - 2*c**2 + 4. Let w be q(2). Suppose 4*l = w*x - 22484, -61*l = 5*x - 63*l - 28093. Is x composite?
True
Suppose -22*q = -44473 - 114873. Is q a composite number?
False
Let o(b) = 3*b**2 + 3*b. Let z be o(-3). Suppose -15442 = -z*q + 131132. Is q composite?
True
Suppose -3*v + 3*d + 913197 = 0, -2*v + 21103 = 4*d - 587683. Is v composite?
True
Let v(n) = 2*n**3 - 38*n**2 + 42*n + 23. Let b(l) = -2*l + 99. Let h be b(40). Is v(h) a composite number?
False
Let w(y) = -144*y - 132. Let l be w(-4). Suppose 36*f - l = 6072. Is f prime?
True
Suppose 31*c = 5313 - 4910. Let m(z) = 106*z**3 - z**2 + z - 2. Let h be m(4). Suppose 3*y - c*y = -h. Is y prime?
True
Suppose 0 = -2*y + 5*u - 95 - 198, 0 = -y + 3*u - 144. Let d = y + 904. Suppose -10*q + d = -7195. Is q a composite number?
True
Let s = 54775 - 5868. Is s a composite number?
False
Suppose -28 = -59*m + 55*m, -5*k + m = -1288328. Is k a prime number?
False
Suppose -72*d = 50*d - 5196346. Is d prime?
False
Suppose 0 = -2*l + 3*q + 120089, 3*q = -4*l + 58443 + 181690. Is l prime?
True
Let z(a) = -11981*a + 973. Is z(-6) prime?
True
Suppose 29 = 32*y - 67. Suppose 3*s + y*r - 1470 = 0, -6*s + 2405 = -s - 4*r. Is s a prime number?
False
Let i(x) = 21241*x - 350. Is i(1) composite?
True
Let g = -394 - -492. Suppose -2318 = -12*u - g. Is u a composite number?
True
Suppose -126 = -4*i - 2*o, -i = 4*o - 53 + 4. Let r = 24 - i. Let u(p) = -5*p**3 + 6*p**2 - p + 7. Is u(r) composite?
False
Let l = 193 + 444. Let j be (-1722)/(-9) + (-5)/45*-6. Suppose -d = j - l. Is d a composite number?
True
Let u(z) = -2*z**3 - 15*z**2 - 8*z - 3. Let c be u(-8). Suppose p = 3*p - 3*x - 98, 3*p = -x + c. Is p a prime number?
True
Let r be 2 + 3 - (-4 + -8). Suppose 5470 = -r*w + 591. Is (3 - w) + (-4)/((-8)/6) a prime number?
True
Let s = 516 + -218. Let l = s + 613. Is l a composite number?
False
Let l = -21 + 24. Suppose l*h - 12067 - 752 = 0. Suppose 3*o - h = 392. Is o prime?
False
Suppose -6*g - 1046912 = -6*r - 11*g, 2*g = -5*r + 872431. Is r a prime number?
True
Let p = 278 + -8. Suppose -5*o + 4*k - 137 + 784 = 0, 4*k = -2*o + p. Suppose -5*b + x = -o - 134, 5*b + x - 265 = 0. Is b a prime number?
True
Let n be (-10)/(70/(-63))*10/3. Suppose 5*g = 10*g - n. Suppose -g*l = -9*l + 1623. Is l a composite number?
False
Let g(i) = i**3 + 8*i**2 + 8*i - 16. Let v be g(-6). Suppose -v*r + 6 = -11*r, 3*o - 3*r = 9417. Is o composite?
False
Let u = -79332 + 132753. Is u a composite number?
True
Suppose 0 = -3*o - 1488*b + 1492*b + 234475, -4*b - 312632 = -4*o. Is o a composite number?
False
Let i be 0/(0 - 4 - -3). Suppose 5*a + 15 = i, 222 - 1524 = -5*y - a. Let x = y + -116. Is x a prime number?
False
Let a be 5592/13 + 16/(-104). Suppose 438*d = a*d + 15752. Is d a prime number?
False
Let h(n) be the third derivative of n**7/360 - n**6/60 + 7*n**5/120 - 3*n**4/8 + 23*n**2. Let l(d) be the second derivative of h(d). Is l(-6) a prime number?
True
Suppose -2*n + 31109 = 1179. Let f = n + -7456. Is f prime?
False
Let d(s) = 10*s**3 + 2*s**2 - 3. Let z be d(3). Let x = z + -66. Let t = x - -702. Is t composite?
True
Suppose -9 + 1 = 4*f. Is (f/(-60)*10)/(2/306) prime?
False
Suppose 0 = 5*t - 4*i - 25, -6*t - 3*i + 33 = -4*t. Let b(d) = d + 135 - 4*d - 280 - 14*d + 20*d**2 + 137. Is b(t) a composite number?
False
Suppose -722007 = -4*s + 332981. Is s prime?
False
Is (0 - 2919658/(-35))/(50/125) prime?
False
Let i(p) = 133*p**2 + p + 1. Suppose -4*y = d + 6, y + 3*d = -7 - 0. Let g = 0 + y. Is i(g) a prime number?
False
Suppose 0 = 13*p - 8*p - 5170. Suppose -2*w = 2*i - w + 1022, -5*w = -2*i - p. Let y = 921 + i. Is y a prime number?
True
Let d(g) = 3837*g**3 + 2*g**2 - 4*g + 5. Let r be d(2). Suppose 0 = 10*t - 37529 - r. Is t a prime number?
True
Suppose -o = -3*o + h + 552, -2*h = 3*o - 821. Let k be (571/(-2))/(o/70 + -4). Suppose -12*x = -5*x - k. Is x a composite number?
False
Let f(d) = d - 29. Suppose -x + z = x - 27, -5*x + 95 = 3*z. Let m be f(x). Let t(l) = 2*l**2 + 21*l - 12. Is t(m) composite?
False
Let j = 48 + -45. Suppose c = -5*x - 2*c - 327, j*c = x + 51. Is (-12933)/x - (-4)/(-14) a composite number?
True
Let o = -222 - -226. Suppose -o*u + 10491 = 5*k, k - 7912 = -3*u + 6*k. Is u composite?
True
Let h = 1123887 - 359104. Is h composite?
False
Let r = 40 + -36. Suppose 40 = -r*m - 12. Let d(y) = y**3 + 18*y**2 + 24*y + 18. Is d(m) a composite number?
True
Suppose 607896 - 67382 = 26*b. Is b composite?
False
Let c(m) = -302*m + 9. Let z(b) = -605*b + 18. Let j(y) = -5*c(y) + 2*z(y). Let u(x) = 2*x + 1. Let s(i) = j(i) - 2*u(i). Is s(3) composite?
False
Suppose 2*f + 19 = -4*x - x, 2*f = -x + 1. Suppose -7*h + f*h + 8 = 0. Suppose 0 = n + 5, 0 = -h*r - 5*n - 0*n + 1733. Is r prime?
False
Let q(t) = 4 - 42*t + 7*t - 71*t**2 + 55*t**2 - 2*t + 2*t**3. Is q(15) composite?
True
Suppose 5*v - m = -12, 2 + 2 = -4*v - 2*m. Let b be ((-8)/(-4) - 1)*(-4)/v. Suppose -8*y + 21486 = -b*y. Is y composite?
False
Let k = 707141 + -399738. Is k composite?
True
Let n = 87 + -84. Is 6/(-18) + 2392/n a prime number?
True
Suppose 52*i = 72*i - 10068140. Is i prime?
True
Let k(v) = 5*v**3 - v. Let w be k(1). Let z be 2 - 2574/w - 6/12. Is ((-20)/(-8))/((-1287)/z + -2) composite?
True
Suppose v - 15*q - 11734 = -10*q, -2*q + 11706 = v. Is v prime?
False
Let d = 4325 - -26249. Is d prime?
False
Let p = 115 - 260. Let u = -689 - p. Let a = 1206 + u. Is a prime?
False
Let m be 147/(-12) - 0 - 39/52. Is 0/m + 77/1 a composite number?
True
Suppose -5*j = -5*r - 940025, -2*r - 752056 = -4*j - 4*r. Is j a composite number?
False
Let j be (132/(-1518))/(4/(-368)). Let g(i) = -11*i**3 + 7*i**2 + i + 4. Let b be g(-5). Suppose 1219 + b = j*k. Is k prime?
False
Let j(c) = 4*c + 40 - 19 + c**3 - 30 + 17*c**2 + 20*c. Is j(-13) a composite number?
True
Suppose -34*x + 3169885 = 212939. Is x prime?
True
Suppose -12*f - 10040073 = -5*l - 20*f, 0 = -f + 1. Is l composite?
True
Let z = 526915 + -115358. Is z a composite number?
False
Let p(n) = -n**3 + 9*n**2 + 2*n - 14. Let z be p(9). Suppose -5*y = z*a - 11601, -4*a + 2337 = y + a. Is y composite?
True
Let o = 416 + -313. Let k = o - -712. Is k composite?
True
Suppose -5*v = x - 51, -2*v - 23 = -3*v + 3*x. Let t(i) = 8*i**2 + 34*i + 12. Is t(v) composite?
True
Let r be 1/(-3)*(-1 + (4 - 15)). Let k be 2/(-4)*(-854 + r). Suppose 9*l - 4*l - k = 0. Is l composite?
True
Let b(s) = -5*s - 39. Let k be b(-17). Let d = k - -349. Let v = d - 236. Is v a prime number?
False
Let h = 918 + 34283. Is h composite?
False
Suppose -r - 4*y - 4 = -8, 0 = 2*r - y + 37. Is (-3)/(12/r) + (-4034)/(-2) a composite number?
True
Let n = -33 - -36. Suppose 2*f = n*f + 2*b - 2933, -2915 = -f + 4*b. Is f composite?
False
Is 5 + 60/(-12) - -32919 prime?
False
Suppose -r + 4 = 1, 10960 = 4*o - 4*r. Suppose -o = -6*t + 15251. Is t a prime number?
True
Let n be (-16)/(-72) + (-507)/(-27). Suppose 0 = -9*w + n*w - 19010. Is w composite?
False
Suppose 3*s = 5*s - 10. Let l = -4540 - -9542. Suppose -s*y + l = -10713. Is y a prime number?
False
Let c(g) = -g**3 - 74*g**2 - 17*g + 571. Is c(-79) a composite number?
False
Let j(a) = -428*a + 1986. Let l(h) = -85*h + 397. Let b(n) = -2*j(n) + 11*l(n). Is b(-62) a prime number?
False
Suppose -4251909 - 8991784 = -53*x. Is x a composite number?
False
Suppose 159395 = 5*a - 367*y + 365*y, -4*a - 4*y + 127488 = 0. Is a a composite number?
True
Suppose -3*c + 4*p - 27 + 22 = 0, 0 = -4*c + 4*p - 8. Let a(y) = 333*y**2 - 17*y - 49. Is a(c) a composite number?
False
Suppose -20420*s + 20444*s = 8500872. Is s a prime number?
False
Let u(x) = 10*x**2 +